 remainder when g is divided by 13.
12
Let b be -10*(12/15)/(-2). Suppose -s = s - b. Suppose s*w - 2 = 16. Calculate the remainder when 15 is divided by w.
6
Suppose 0 = 4*p - 2*r - 60, -3*r = 1 + 11. What is the remainder when 49 is divided by p?
10
Let r(v) = 2*v**2 - 5*v + 3. Let f be r(3). Let n(u) = 2*u**2 + 2*u - 6. Calculate the remainder when n(4) is divided by (-3)/(-1 + 4/f).
7
Let a(j) = 4*j**2 + 2*j - 21. Calculate the remainder when a(-5) is divided by 12.
9
Let d(i) = i**2 + 106. Calculate the remainder when d(0) is divided by -3*1*-1 - (-52 - -28).
25
Let u be (0 - 1)/((-3)/108). Suppose 5*b - 14 = u. Suppose -k + 3 = -b. Calculate the remainder when 38 is divided by k.
12
What is the remainder when -10*(-2)/(-5)*-3 is divided by (-49)/21*(-1 + -2)?
5
Suppose 0 = 4*o - 2*o - 32. Suppose 0 = -4*v + o, 0*s = -s + 2*v + 7. Calculate the remainder when s is divided by 8.
7
Let j = 4 + -1. Suppose 2*o + 2*o - 5*c = 54, j*c - 54 = -3*o. What is the remainder when 47 is divided by o?
15
Suppose 0 = l + 4*x - 58, -4*l + 256 - 57 = 5*x. What is the remainder when l is divided by 16?
14
Let p(d) = 4*d**2 + 2*d + 1. Let z be p(-1). Suppose 2*v - 61 = -z*v - y, 5*y + 46 = 2*v. Calculate the remainder when v is divided by 7.
6
Suppose -3*k = 4*n - 165, -2*k - n + 220 = 2*k. Calculate the remainder when k is divided by 12.
7
Let p(f) = -2*f + 1. Calculate the remainder when 29 is divided by p(-7).
14
Let k = -22 - -71. Suppose 0 = -x - 0*x - 28. Let l = 45 + x. Calculate the remainder when k is divided by l.
15
Suppose -v - 17 = -h + 3, -5*v + 28 = 3*h. Let z be (-3 - 1)*(-423)/12. Suppose -4*f = -f - z. Calculate the remainder when f is divided by h.
15
Let y = 196 + -111. Calculate the remainder when y is divided by 29.
27
Let s = -28 - -38. Calculate the remainder when s is divided by (1 - (2 + -4)) + 0.
1
Let u = -130 + 148. What is the remainder when 71 is divided by u?
17
Let v = -36 - -69. Calculate the remainder when 65 is divided by v.
32
Let d be (2 - 2)/1 + -6. Let m(b) = -3*b - 2. Let i(q) = q**2 - 3. What is the remainder when m(d) is divided by i(-3)?
4
Suppose -3*n = f - 8, -5*f + 3*n = -9*f + 41. Calculate the remainder when 21 is divided by f.
10
Suppose 20 + 20 = 5*f. Let w be 3/2 - (-4)/f. Suppose 3*m - 25 = -4*p + 13, -w*m + 2*p + 2 = 0. Calculate the remainder when 22 is divided by m.
4
Let o = -8 + 17. Calculate the remainder when 15 is divided by o.
6
Let t = 6 + -4. Suppose -t*g = 5*x + 46, -5*x + 68 = -4*g - 3*x. What is the remainder when 3 is divided by 4/g + (-60)/(-27)?
1
Let u be 55/25 + 1/(-5). Suppose -r + 39 = u*r. Let p(q) = -q - 1. Calculate the remainder when r is divided by p(-8).
6
Let b be ((-76)/(-6))/((-4)/48). Calculate the remainder when (b/20)/(2/(-10)) is divided by 20.
18
Suppose -4*f = -4*v + 196 + 56, 0 = 4*v + 3*f - 238. Suppose -g - 4 = -2*g, 5*p - 4*g = 89. Calculate the remainder when v is divided by p.
19
What is the remainder when 22 is divided by 0*7/49 - (-9)/1?
4
Let q(c) = -3*c**2 - 4*c + 11 - 3 + 2*c**2 - 4*c. Let p = -49 + 78. What is the remainder when p is divided by q(-7)?
14
Let o(m) = 2*m + 3. Let b be o(8). Let v = b - 9. Calculate the remainder when 29 is divided by v.
9
Let w(y) = y**2 - 10*y + 10. What is the remainder when w(12) is divided by 18?
16
Suppose 2*n - 15 = 15. Calculate the remainder when n is divided by 4.
3
Let q(f) = f - 1. Let c be q(3). Suppose k - c = 9. Let r = -2 + 21. Calculate the remainder when r is divided by k.
8
Suppose 0 = 23*v - 26*v + 87. Calculate the remainder when 56 is divided by v.
27
Let m(x) = x + 3. Let l be m(7). Suppose u + 3*s - l = 0, -5*s - 7 = 3*u - 37. Suppose 0 = -4*r + 3*r + u. What is the remainder when r is divided by 4?
2
Let n = -3 - -5. Let q = 9 + -7. Calculate the remainder when n is divided by q.
0
Suppose 4*d - 10 = -3*c, d - 3 = -c - 0. Let k = d + 14. Let q = 3 + 5. Calculate the remainder when k is divided by q.
7
Let w(s) = -7*s - 48. Calculate the remainder when w(-21) is divided by 26.
21
Let f(g) = -g**3 - 5*g**2 - g - 6. Let x be f(-5). Let r(k) = -3*k - 16. Let n be r(-7). What is the remainder when 31 is divided by 8/(-3)*(x - n)?
15
Let y = 72 + -59. Calculate the remainder when y is divided by 5.
3
Let x(w) = 15*w - 23. What is the remainder when x(8) is divided by 20?
17
Let s = 11 - 4. What is the remainder when (247/(-38))/((-2)/8) is divided by s?
5
Let d = 64 - -2. Let q = d - 42. Suppose 26*i - 39 = 23*i. Calculate the remainder when q is divided by i.
11
Calculate the remainder when 61 is divided by 18 + (-8 - -2)/3.
13
Suppose -a + g = -5*a + 42, -4*g + 48 = 4*a. Calculate the remainder when 0 + -29*(-1)/1 is divided by a.
9
Let z(s) = s**2 - s - 6. Let q be z(0). Let w be -1*q/(0 - -3). Suppose 185 = 3*d + w*d. Calculate the remainder when d is divided by 10.
7
Let p = 77 + -54. What is the remainder when p is divided by (-2)/4 - (-13)/2?
5
Suppose -8*l = -4*l - 12. Suppose -3*i = 4*c + 8, l*i - 2*c = -i + 26. What is the remainder when 17 is divided by i?
1
Suppose 55 = 3*k - z, -60 = -2*k - 5*z + z. Calculate the remainder when 69 is divided by 0/7 + k + -2.
15
Suppose 183 = 9*y - 15. What is the remainder when 63 is divided by y?
19
Suppose 5*w = -5*g + 70, 0 = -3*g - 2*w + 17 + 21. What is the remainder when 37 is divided by g?
7
Let j = -199 + 208. Calculate the remainder when (17 - 1) + 0/1 is divided by j.
7
Let w = -114 + 197. What is the remainder when w is divided by 12?
11
Let o = -23 - -82. What is the remainder when o is divided by 15?
14
Let p(z) = z**3 - 4*z**2 - 4*z - 6. Let a = -4 + 10. Calculate the remainder when p(a) is divided by 22.
20
Let y(k) = 10*k + 1. Let z be (4/6)/((-7)/(-42)). Calculate the remainder when y(z) is divided by 11.
8
Let s be 2/7 - (-47)/7. Let z = s + -2. Suppose -43 + 5 = -2*p. Calculate the remainder when p is divided by z.
4
Let y = 12 - 10. Suppose -y*f = 5*h - 0*f + 34, -2 = 2*h - 5*f. Let d = h + 11. Calculate the remainder when d is divided by 4.
1
Suppose 4*q - 121 = 171. What is the remainder when q is divided by 20?
13
Let b = 21 + -10. Suppose 4*y = -3*k - 16, -3*k - 5*y - 9 = 11. Let r = 20 + k. Calculate the remainder when r is divided by b.
9
Let r(v) be the second derivative of -v**5/20 - v**4/4 - v**3/2 + 2*v**2 - 2*v. Calculate the remainder when r(-3) is divided by 2 + 1 - (2 - 6).
6
Calculate the remainder when 149 is divided by ((-90)/(-12))/(1/4).
29
Let b(d) = -d - 2. Let r be b(0). What is the remainder when 50*(r/4 + 1) is divided by 9?
7
Suppose 0*t + 2*t = 98. Let y = 43 - 26. Calculate the remainder when t is divided by y.
15
Suppose -160 = 10*z - 15*z. What is the remainder when z is divided by 17?
15
Suppose 2*p - 92 = 2*y, 3 - 23 = -5*y. What is the remainder when p is divided by 17?
16
Suppose 2*b - 21 = -b. What is the remainder when b is divided by 3?
1
Let z(m) = -m**3 - 3*m**2 - 4*m - 14. Suppose 0 = 3*q - 11 - 10. Calculate the remainder when z(-4) is divided by q.
4
Let z(t) = -t**3 + 10*t**2 + 6. Suppose -2*d + 17 = -d. Calculate the remainder when d is divided by z(10).
5
Let k(a) = -10*a**3 + a**2 + 2*a + 1. Let m(r) = -r**3 - 6*r**2 + 5*r + 7. What is the remainder when k(-2) is divided by m(-7)?
18
Let b(m) = -12*m - 1. Let a be b(1). Let o = 21 + a. Calculate the remainder when o is divided by 3.
2
Let l = -8 - -13. Let x(o) = 2*o. Calculate the remainder when x(l) is divided by 6.
4
Let g be 4 + 2*(-1)/2. Suppose 2*q - 5 = g*y, 3*q - 4*y - 5 = y. Calculate the remainder when (18/5)/(1/5) is divided by q.
8
Suppose -4*q = -2*x + 84, -x - 2*q + 138 = 3*x. Suppose n + 39 = 4*n. What is the remainder when x is divided by n?
10
Suppose -4*q + 32 = -4*m, -2*q + 3*m - 8 = -3*q. Let c = q + -1. Let s(w) = -2*w + 3. What is the remainder when s(-5) is divided by c?
6
Let l = -20 + 22. Suppose -6*c = -l*c - 24. What is the remainder when 15 is divided by c?
3
Let h be 18/45 - 44/10. Let u(q) = 2*q**2 + 2*q - 1. Calculate the remainder when u(h) is divided by 6.
5
Suppose 9 = p - 2*r, -4*p + 2*r + 50 = r. Let s = p + 5. Calculate the remainder when s is divided by 7.
4
Let n = -142 - -168. What is the remainder when 378/5 + (-4)/(-10) is divided by n?
24
Suppose 4*k - 62 = -0*d + 2*d, 2*k - 26 = 2*d. Suppose -8 = -t -